 of 16 and s.
16
Let f(a) = -a**3 + 11*a**2 + 4*a + 53. Let i be f(12). Let n be (2 - i) + (14 - 14). Calculate the highest common divisor of n and 5.
5
Let g = -143 - -157. Suppose 2*u = -o + 1 + 9, g = u - 4*o. What is the highest common factor of u and 24?
6
Suppose d + 3*a + 2*a = 5661, -5*a = -35. Calculate the highest common divisor of 1358 and d.
194
Let y(u) = 4*u + 5. Let s be y(4). Let m = s + 9. Let b = 15 + 15. Calculate the highest common factor of m and b.
30
Let u = -598 + 745. Let h be (49/u)/((-1)/(-30)). What is the highest common divisor of 195 and h?
5
Let s be (-639)/6*(15 - -1)*(-88)/24. What is the highest common divisor of s and 213?
71
Suppose 0 = -6*v + 10*v + 4*l - 7596, 2*l = 5*v - 9558. What is the highest common factor of v and 1749?
159
Suppose 5*c = -5*a + 244 - 34, -6 = c. Let t = 7 + -1. What is the highest common factor of a and t?
6
Let n(f) be the third derivative of 151*f**5/60 - 7*f**4/24 - f**3 + 9*f**2. Let d be n(-1). What is the highest common factor of d and 95?
19
Let d = -363 + 368. Suppose 0 = -3*l - 5*r - 13, 6*l - d*l - 5*r - 29 = 0. What is the highest common divisor of l and 16?
4
Let v be (-3)/18 + (-15)/18. Let i be (v/3)/(4/(-24)). Let p(f) = 173*f + 2776. Let l be p(-16). What is the greatest common divisor of i and l?
2
Let g be (-4)/(-22) + -1648*(-1110)/1320. What is the highest common factor of 385 and g?
77
Let s(b) be the second derivative of b**4/4 + 7*b**3/2 - 36*b**2 + b - 24. Let r be s(-15). Let o = 65 - 33. Calculate the greatest common divisor of o and r.
32
Let o be (3 - (4 + 0))/(-1) - -7. What is the highest common factor of 4364 and o?
4
Suppose -3291 - 499 - 1772 = -27*r. What is the highest common factor of r and 10609?
103
Let q(b) = b - 115. Let d(m) = -2*m. Let y(p) = -2*d(p) - q(p). Let t be y(15). What is the highest common divisor of t and 80?
80
Suppose -3*n = 3*u - 2*n - 5255, 5*u - 2*n - 8740 = 0. What is the greatest common factor of 40 and u?
10
Suppose 0 = -51*p - 50*p + 29*p + 1224. Calculate the greatest common divisor of 459 and p.
17
Suppose 4*t + x = 24, -10 = 2*t - x - 4*x. Suppose t*h = 2*h + 102. What is the greatest common factor of h and 476?
34
Let d be (-12)/(-36) + (-224)/(-3). Let o be 1 - (1 + 4 + 16). Let t = o - -35. What is the greatest common factor of t and d?
15
Let h be (2/3)/(13/78). Suppose 0 = -h*p + 2*p + 10. Suppose 3*o + 36 = 4*z, -p*z - 4*o = -88 + 12. Calculate the greatest common divisor of 96 and z.
12
Let u be ((-12)/(-2))/((-3)/9*-2). Suppose -3*l - 20 = -7*l - 3*g, 4*g + 24 = l. Suppose -u*f + 104 = -l*f. Calculate the highest common divisor of 26 and f.
26
Let q(a) = 2*a**3 - 7*a**2 - 128*a + 14. Let m be q(10). What is the highest common factor of m and 629?
17
Let w = -71 + 149. Let j(c) be the first derivative of -c**2/2 + 6*c + 16. Let l be j(0). Calculate the greatest common factor of w and l.
6
Let h(z) = -14*z**2 - 8*z + 3. Let g(r) = 31*r**2 + 16*r - 5. Let k(v) = 3*g(v) + 5*h(v). Let y be k(-2). What is the greatest common factor of 285 and y?
19
Suppose 457436 = -114*i + 225*i - 285820. Calculate the highest common factor of i and 930.
186
Let y(p) = -8*p - 43. Let t be y(-6). Suppose 310 = t*n - 4*h + 9, 5*n = 5*h + 305. Let u = -49 + n. What is the highest common divisor of u and 56?
8
Suppose 7832 = 89*k - 7120. Let u(l) = l**3 - 4*l**2 - 6*l - 8. Let n be u(6). Calculate the highest common divisor of n and k.
28
Suppose -25 = 5*b, -3*m + 12195 = 31*b - 28*b. Calculate the highest common divisor of m and 11.
11
Let n be ((-462)/24 + 17)/((-6)/19160) + 6. Calculate the highest common divisor of 153 and n.
153
Suppose -43 = -5*p - s + 53, 4*p - 71 = 5*s. Let f(w) = 3*w**2 + 8*w + 21. Let l be f(0). Let u = l - -226. What is the highest common factor of u and p?
19
Suppose -3164 = 47*y + 10*y - 13196. Let m be 33 + (-5)/5 + 0. Calculate the highest common factor of m and y.
16
Let p = 62 - 6. Suppose -61*f + 320 = -p*f. Calculate the highest common divisor of 224 and f.
32
Let o be (17253/162)/(1/4). Let a = o - 383. Calculate the greatest common divisor of a and 1.
1
Let r(s) = -s**3 + 13*s**2 - 33*s - 5. Let w be 7/14*-3*-6. Let u be r(w). What is the greatest common divisor of u and 99?
11
Suppose 0*u + 3*u = -39. Let y(f) = f**3 + 23*f**2 + 77*f + 19. Let m be y(-19). Let a be u*(0 + -1) + m. What is the greatest common divisor of a and 26?
13
Let s = -136 - -309. Let k = -170 + s. What is the greatest common factor of k and 7?
1
Let r be 91 + (-1)/(1/(-3)). Suppose 6*b - 1804 + r = 0. Let p = b - 129. What is the greatest common factor of p and 26?
26
Let u(d) = 6*d + 32. Let v be u(-5). Let a be -16 + 13 + (v - (-1 + -54)). Suppose -3*i = -22 - 5. Calculate the greatest common divisor of a and i.
9
Let o = -1049 + 4866. What is the highest common factor of 44 and o?
11
Suppose s = 4*d + 18, -2*s + 3*s = 2*d + 16. Let v = 761 - 757. Suppose 2*p - 54 = -v*l + s, 43 = p + 5*l. What is the highest common factor of 70 and p?
14
Let n = 2708 - 2714. Suppose -w - 176 = 3*w. Let f be w/n*168/16. Calculate the greatest common divisor of f and 22.
11
Let a = -533 - -564. Let i(u) = 18*u - 22. Let n be i(15). What is the greatest common factor of a and n?
31
Let k(g) = -3*g + 1. Let f be k(-4). Let d = f - 9. Suppose -20*n - 328 = -1048. Calculate the highest common factor of d and n.
4
Let k be (-3 + 1)/(6/(-4) - -1). Let m be (84 - k) + (1 + 0 - -2). Let w = -57 + m. What is the highest common divisor of 26 and w?
26
Let q be (20/(-12))/(3/396*4). Let d = q + 58. Suppose 56 = -o + d*o. Calculate the highest common factor of o and 7.
7
Suppose -l - l = -100. Let c = -32 + 14. Let g = l + c. Calculate the highest common factor of g and 4.
4
Let i(h) = h**2 - 42*h - 431. Let u be i(-9). Suppose -3*j + u = r, -2*j - 5*r + 37 = 1. Let m = 9 - 5. What is the highest common factor of j and m?
4
Let y(q) be the first derivative of 5*q**3/3 - 63*q**2/2 - 18*q + 133. Let f be y(13). Calculate the greatest common factor of f and 32.
8
Let d(m) = 7*m - 3. Let n be d(3). Let l = 901 - 289. What is the highest common divisor of l and n?
18
Let t(v) = 514*v - 1142. Let f be t(5). Calculate the highest common divisor of 36 and f.
12
Let n be 1 + 1 - (-1 + 2). Suppose -2*y - n = -3*y. Let u be 2/(-3)*3 - (-7 + 4). What is the greatest common divisor of y and u?
1
Suppose 666*s - 669*s = -5*n - 224, -5*s + 5*n = -350. Let x(k) = -42*k. Let h be x(-2). Calculate the greatest common divisor of h and s.
21
Let x(w) = w**3 + 5*w**2 + 9*w + 12. Let a be x(-3). Let d = 20 - -64. Suppose 0 = -f - a*f + d. What is the highest common divisor of 168 and f?
21
Let k(v) = 294*v + 65600. Let p be k(-223). Let u be 6/12 - 1670/(-4). Calculate the highest common divisor of p and u.
38
Let p(u) = -61*u + 2276. Let l be p(32). What is the highest common factor of l and 36?
36
Let d = 364 + -311. Suppose -19 = -4*w + d. Calculate the highest common factor of 126 and w.
18
Let m be (-3)/5 - (-441)/(-15). Let r = m - -48. Suppose 11*z - 27*z + 594 + 846 = 0. What is the greatest common divisor of z and r?
18
Suppose -c - 3*d + 46 = 0, -c + 34 = d - 4*d. Let q = 88 - 92. Let o = c + q. Calculate the highest common divisor of o and 6.
6
Suppose 0 = -3*w - 2*l + 2, 2*w + 5*l - 214 + 231 = 0. What is the greatest common divisor of w and 508?
4
Suppose -4*t = -419 + 19. Suppose -45*f = -23823 - 432. Suppose f = 11*w + 319. Calculate the highest common divisor of t and w.
20
Let x = -9318 - -9479. What is the highest common divisor of x and 529?
23
Suppose -v = 14 - 26. Suppose v*k - 5*k = 273. Let n be (-2)/5*-65*6. What is the highest common factor of k and n?
39
Let t(a) = -3*a**2 - 42*a + 2613. Let i be t(21). Suppose 5*v - 96 = v. Calculate the highest common divisor of v and i.
24
Suppose -36 = -5*v + 159. Let x(z) = 2*z**3 + 7*z**2 + 10*z + 14. Let q be x(-4). Let y be (v/2)/(3/q*-7). What is the highest common factor of y and 52?
13
Let u = 217 + -205. Suppose -74 = 10*l - u*l. Calculate the highest common divisor of l and 296.
37
Suppose -4*a = 3*p - 196, -4*p + 274 = -0*a - a. Suppose -p + 2 = -6*z. Let b = 134 - 57. Calculate the highest common factor of b and z.
11
Let i = 7584 - 5238. Suppose 0 = 21*d - i - 1686. Suppose 0 = 4*l - 6*n + 2*n -